{"id":1311,"date":"2017-02-01T10:31:29","date_gmt":"2017-02-01T09:31:29","guid":{"rendered":"http:\/\/www.uildmve.org\/?page_id=1311"},"modified":"2024-11-15T12:56:46","modified_gmt":"2024-11-15T11:56:46","slug":"attivita","status":"publish","type":"page","link":"https:\/\/www.uildmve.org\/index.php\/attivita\/","title":{"rendered":"ATTIVIT\u00c0"},"content":{"rendered":"<div class=\"entry-content\">\n<h1>UN SOLLEVATORE PER SCENDERE &#8230;.IN ACQUA<\/h1>\n<h1><strong>SOSTIENI ANCHE TU UILDM VENEZIA ODV IN QUESTO<\/strong><\/h1>\n<h1><strong>IMPORTANTE E FANTSTICO PROGETTO!<\/strong><\/h1>\n<p>[su_button url=&#8221;https:\/\/www.letsdonation.com\/cause\/progetti\/progetto-no-profit\/1484:un-sollevatore-per-scendere-in-acqua&#8221; style=&#8221;flat&#8221; background=&#8221;#37c3da&#8221; size=&#8221;10&#8243; center=&#8221;yes&#8221;]Dona Ora [\/su_button]<\/p>\n<p><a href=\"https:\/\/www.uildmve.org\/wp-content\/uploads\/2024\/11\/sollevatore-disabili-piscina-bluone2-1.jpg\" rel=\"attachment wp-att-2755\"><img loading=\"lazy\" decoding=\"async\" class=\"aligncenter size-full wp-image-2755\" src=\"https:\/\/www.uildmve.org\/wp-content\/uploads\/2024\/11\/sollevatore-disabili-piscina-bluone2-1.jpg\" alt=\"sollevatore-disabili-piscina-bluone2-1\" width=\"900\" height=\"600\" srcset=\"https:\/\/www.uildmve.org\/wp-content\/uploads\/2024\/11\/sollevatore-disabili-piscina-bluone2-1.jpg 900w, https:\/\/www.uildmve.org\/wp-content\/uploads\/2024\/11\/sollevatore-disabili-piscina-bluone2-1-300x200.jpg 300w, https:\/\/www.uildmve.org\/wp-content\/uploads\/2024\/11\/sollevatore-disabili-piscina-bluone2-1-768x512.jpg 768w, https:\/\/www.uildmve.org\/wp-content\/uploads\/2024\/11\/sollevatore-disabili-piscina-bluone2-1-624x416.jpg 624w, https:\/\/www.uildmve.org\/wp-content\/uploads\/2024\/11\/sollevatore-disabili-piscina-bluone2-1-576x384.jpg 576w\" sizes=\"auto, (max-width: 900px) 100vw, 900px\" \/><\/a><\/p>\n<p style=\"text-align: justify;\"><strong>Uildm Venezia<\/strong>\u00a0segue nel territorio\u00a0<strong>pi\u00f9 di 1.000 persone affette<\/strong>\u00a0da Distrofie muscolare, Sclerosi Multipla, Paralisi Cerebrale, SLA, SMA e altre malattie rare, oltre\u00a0<strong>300 Bambini e ragazzi\u00a0<\/strong>da 0 a 18 anni<strong>, affetti da patologie neurologiche, disturbo dello spettro autistico, disturbi specifici dell\u2019apprendimento e dello sviluppo cognitivo c<\/strong>he frequentano il centro per visite fisiatriche e neurologiche, per riabilitazione muscolo-scheletrica, neurologica, respiratoria, logopedica neuropsicomotricista, psicologica e terapia occupazionale.<\/p>\n<p style=\"text-align: justify;\"><strong>Uildm Venezia effettua 200 trasporti gratuiti settimanali\u00a0<\/strong>con mezzi attrezzati e autisti volontari, dedicati esclusivamente a\u00a0<strong>Persone<\/strong>\u00a0con disabilit\u00e0, affinch\u00e8 possano accedere alle visite e alle terapie necessarie.<\/p>\n<p style=\"text-align: justify;\">Per\u00a0<strong>Uildm Venezia \u00e8 imprescindibile<\/strong>\u00a0<strong>il<\/strong>\u00a0<em><strong><u>diritto\u00a0<\/u><\/strong><\/em><strong><u>della persona<\/u><\/strong><u>\u00a0<strong>con disabilit\u00e0<\/strong><\/u>\u00a0di poter accedere in modo semplice, sicuro e confortevole a tutte le attivit\u00e0 che possano migliorare la qualit\u00e0 della vita e il benessere psico-fisico-motorio, con\u00a0<strong>il \u00a0<em><u>dovere sociale\u00a0<\/u><\/em><u>di garantire loro questa possibilit\u00e0.<\/u><\/strong><\/p>\n<p style=\"text-align: justify;\"><strong>Uildm Venezia<\/strong>\u00a0ha deciso di mettere a disposizione delle persone con disabilit\u00e0 una ulteriore servizio:\u00a0<strong>l\u2019attivit\u00e0 fisica adattata in piscina.<\/strong>\u00a0\u00a0Attraverso l\u2019accessibilit\u00e0 alla piscina, la\u00a0<strong>persona con disabilit\u00e0\u00a0 imparer\u00e0<\/strong>\u00a0a gestire il proprio corpo, ad ascoltarlo e a scoprire nuove abilit\u00e0,\u00a0<strong>autonomie e movimenti<\/strong>\u00a0che potranno trovare utilit\u00e0 fuori dalla piscina.<\/p>\n<p style=\"text-align: justify;\">Per permettere ad una persona con disabilit\u00e0 di accedere alla piscina si rende necessario l\u2019acquisto\u00a0 di\u00a0<strong>un sollevatore mobile specifico. Il costo \u00e8 \u00a0di euro 12.000.<\/strong><\/p>\n<p style=\"text-align: justify;\"><strong>Uildm Venezia\u00a0<\/strong>vive\u00a0<strong>grazie alle vostre donazioni,\u00a0<\/strong>che con generosit\u00e0, solidariet\u00e0 e affetto\u00a0<strong>contribuite economicamente e personalmente<\/strong>\u00a0alle attivit\u00e0.<\/p>\n<p style=\"text-align: justify;\">Le persone con disabilit\u00e0\u00a0<strong>hanno bisogno dell\u2019aiuto di tutti<\/strong>, hanno bisogno\u00a0<strong>del tuo aiuto\u00a0<\/strong>per raccogliere la somma necessaria per l\u2019acquisto del sollevatore.<\/p>\n<h4>\u00a0&#8212;&#8212;&#8212;&#8212;&#8212;&#8212;&#8212;&#8212;&#8212;&#8212;&#8212;&#8212;&#8212;&#8212;&#8212;&#8212;&#8212;&#8212;&#8212;&#8212;&#8212;&#8212;&#8212;&#8212;&#8212;&#8212;&#8212;&#8212;&#8212;&#8212;&#8212;&#8212;&#8212;&#8212;&#8212;&#8212;&#8212;&#8212;&#8212;&#8212;&#8212;&#8212;&#8212;&#8212;-<\/h4>\n<h4><strong>ATTIVITA\u2019 SVOLTE DALL\u2019ORGANIZZAZIONE<\/strong><\/h4>\n<p>UIDLM \u00e8 presente nel territorio della Provincia di Venezia ed in particolare all\u2019interno del Comune di Venezia, gestisce in appalto e\/o convenzione con le Aziende Ulss 12, 13 e 10, la riabilitazione di persone con disabilit\u00e0 grave e gravissima nell\u2019intera provincia di Venezia ed in particolare quelle persone con patologie neuro muscolari, distrofie, SMA, SLA e SM, oltre a tutte le malattie rare; la riabilitazione avviene al domicilio della persona non in grado raggiungere il Centro Medico Sociale o al Centro Medico Sociale anche attraverso l\u2019organizzazione e l\u2019esecuzione del trasporto.\u00a0 UILDM altres\u00ec promuove e attua diverse attivit\u00e0 quali \u00a0feste, momenti di aggregazione, attivit\u00e0 sportive (wheelchair hockey), laboratori, convegni, il tutto per favorire l\u2019inclusione delle persone con disabilit\u00e0 fisica ed intellettiva; svolge attivit\u00e0 di informazione e sensibilizzazione sociale in particolare sui temi della disabilit\u00e0 attraverso eventi e convegni. Offre informazione, consulenza e sostegno alle persone con disabilit\u00e0 ed ai loro familiari per tutti gli aspetti della vita della persona con particolare attenzione alla\u00a0 vita indipendente e alle barriere architettoniche. Oltre ai servizi riabilitativi offre servizi di assistenza sociale e di sostegno psicologico.<\/p>\n<\/div>\n","protected":false},"excerpt":{"rendered":"<p>UN SOLLEVATORE PER SCENDERE &#8230;.IN ACQUA SOSTIENI ANCHE TU UILDM VENEZIA ODV IN QUESTO IMPORTANTE E FANTSTICO PROGETTO! [su_button url=&#8221;https:\/\/www.letsdonation.com\/cause\/progetti\/progetto-no-profit\/1484:un-sollevatore-per-scendere-in-acqua&#8221; style=&#8221;flat&#8221; background=&#8221;#37c3da&#8221; size=&#8221;10&#8243; center=&#8221;yes&#8221;]Dona Ora [\/su_button] Uildm Venezia\u00a0segue nel territorio\u00a0pi\u00f9&#8230; <a class=\"read-more-link\" href=\"https:\/\/www.uildmve.org\/index.php\/attivita\/\">Read more &raquo;<\/a><\/p>\n","protected":false},"author":1,"featured_media":0,"parent":0,"menu_order":0,"comment_status":"closed","ping_status":"closed","template":"","meta":{"footnotes":""},"class_list":["post-1311","page","type-page","status-publish","hentry"],"_links":{"self":[{"href":"https:\/\/www.uildmve.org\/index.php\/wp-json\/wp\/v2\/pages\/1311","targetHints":{"allow":["GET"]}}],"collection":[{"href":"https:\/\/www.uildmve.org\/index.php\/wp-json\/wp\/v2\/pages"}],"about":[{"href":"https:\/\/www.uildmve.org\/index.php\/wp-json\/wp\/v2\/types\/page"}],"author":[{"embeddable":true,"href":"https:\/\/www.uildmve.org\/index.php\/wp-json\/wp\/v2\/users\/1"}],"replies":[{"embeddable":true,"href":"https:\/\/www.uildmve.org\/index.php\/wp-json\/wp\/v2\/comments?post=1311"}],"version-history":[{"count":8,"href":"https:\/\/www.uildmve.org\/index.php\/wp-json\/wp\/v2\/pages\/1311\/revisions"}],"predecessor-version":[{"id":2771,"href":"https:\/\/www.uildmve.org\/index.php\/wp-json\/wp\/v2\/pages\/1311\/revisions\/2771"}],"wp:attachment":[{"href":"https:\/\/www.uildmve.org\/index.php\/wp-json\/wp\/v2\/media?parent=1311"}],"curies":[{"name":"wp","href":"https:\/\/api.w.org\/{rel}","templated":true}]}}